2 - h. Suppose -7*v + v = 6. What are the prime factors of x(v)?
3, 13
Let g = 51 + -24. List the prime factors of g.
3
List the prime factors of ((-10)/8)/((54/(-696))/9).
5, 29
Let v(h) = h**3 - 11*h**2 - 7*h - 18. List the prime factors of v(12).
2, 3, 7
Suppose 4*n - g + 3*g - 8 = 0, -3*n - 4*g = 4. Suppose n = -h + 13. What are the prime factors of h?
3
Let s be -3 - (-18 + -3 + 1). Let o = s + 9. What are the prime factors of o?
2, 13
Suppose -u = 4*u. Suppose 0*a - 5*a + 100 = u. List the prime factors of a.
2, 5
Let m(h) = -h**3 - 9*h**2 + 9*h - 2. Let s be m(-10). Let f be (-17)/(-5) - s/20. Suppose -5*v + 3*y = -55, f*v + y = -4*y - 1. List the prime factors of v.
2
Let j be (5 + 2/(-2))/2. Suppose -4*s - j + 62 = -4*v, 4*s + 4*v = 28. What are the prime factors of s?
11
Suppose 0 = -10*f - 44 + 164. What are the prime factors of f?
2, 3
Let i(s) = 5*s - 1. Let k be i(-1). Let u(h) be the first derivative of -h**4/4 - 5*h**3/3 + 2*h**2 - 5*h - 2. What are the prime factors of u(k)?
7
Let y(d) = 8*d**3 + d**2 + 2*d. What are the prime factors of y(2)?
2, 3
Let p = 9 + -5. What are the prime factors of p?
2
Let k(b) = -b**2 - 10*b + 14. Let l be k(-11). Suppose -l*x = -h - h - 28, x - 5*h - 18 = 0. List the prime factors of x.
2
Let u(n) = 5*n - 1. Let r be u(-2). Let y = -24 - r. Let s = -7 - y. List the prime factors of s.
2, 3
Let q = -2 - -6. Suppose -4*i + 8 = r, -16 = -2*r + q*i - i. List the prime factors of r.
2
Suppose z = 4*y - 3*z + 4, -3*y - 18 = 2*z. Let j(c) = c**3 + 4*c**2 + 5. List the prime factors of j(y).
5
Let a(u) = u**3 + 15*u**2 + 11*u + 8. Let j(s) = s**2 + 7*s - 2. Let z be j(-4). What are the prime factors of a(z)?
2, 5
Let l(f) = -f**3 - 6*f**2 - 3*f - 10. List the prime factors of l(-7).
2, 3, 5
Let d be (-3 - 3)*(-2)/3. Suppose 0 = j + k - 10, 15 = 2*j + d*k - 5. What are the prime factors of j?
2, 5
Suppose -c = -2*c + 4. Suppose -i = -c*i + 81. What are the prime factors of i?
3
Let i = -6 - -2. Let o = -1 - i. Suppose 0*r - o*r + 21 = 0. What are the prime factors of r?
7
List the prime factors of -1 + 164/(-8)*-2.
2, 5
List the prime factors of ((-1)/1 - -252) + (7 - 3).
3, 5, 17
Let m = 1 + 1. Let b be 134/6 + (-2)/(-3). Suppose m = -z + b. List the prime factors of z.
3, 7
Suppose 114*v - 113*v - 28 = 0. List the prime factors of v.
2, 7
Let n(k) = 3*k**2 - k. Let s be n(-1). Suppose 0 = 5*z + s - 39. What are the prime factors of z?
7
Let t(p) = p**2 - 3*p. Let r = -3 - -7. List the prime factors of t(r).
2
Let y(g) be the third derivative of g**4/24 + g**3/3 - g**2. Let v be y(-4). List the prime factors of 18/(-4)*4/v.
3
Suppose -20 = -4*v, -3*j - 18 = -7*j - 2*v. Suppose j*d - 4*d - 4*q - 2 = 0, 3*q - 12 = -3*d. What are the prime factors of d?
3
Let y = -1 + 0. Let k be -2 + (-1)/(y/8). Let d = 1 + k. List the prime factors of d.
7
Suppose f = -1 - 0. List the prime factors of 30/8 + f/(-4).
2
Let o(q) = -2*q. Let c be o(-4). Let r(n) be the third derivative of n**6/120 - 2*n**5/15 + n**4/12 - 5*n**3/3 - n**2. What are the prime factors of r(c)?
2, 3
Let h be (-2)/(-7) + 262/14. Suppose -3*o - 4*l = -14, 3*o + 3 = -5*l + h. Suppose o*c + 20 = 4*c. List the prime factors of c.
2, 5
Suppose y + 2*b + 9 = 0, 0 = -2*y - 2*y + 4*b. Let t be (1*-5)/(-4 - y). Let j(d) = d**2 - 2*d - 6. What are the prime factors of j(t)?
3
Let v = 37 + -30. What are the prime factors of v?
7
Let v = -13 - -15. Suppose 3*u - 3*g - 54 = 0, 2*g = 4*u - 76 + v. List the prime factors of u.
19
Suppose 4*i - 2 = -3*a - 1, -4*a + 4*i = -20. Suppose -144 = 5*d + 4*h, 0 = -d - d - 4*h - 48. What are the prime factors of a*1*d/(-12)?
2
Suppose 2*n - 14 + 2 = 0. Let i = -11 + n. What are the prime factors of (-27)/i - (-4)/(-10)?
5
Let j be (0 - 3) + (-10)/(-5). Let u(p) = 8*p. Let g be u(j). What are the prime factors of (-42)/(-8) - (-2)/g?
5
Suppose -g + 2*g = 2. Let k = 8 - -8. Suppose -k = -0*q - g*q. List the prime factors of q.
2
Suppose -k = -4*t - 12, -3*k + 3*t + 9 = -k. Let p = 3 + k. Suppose 0 = -4*c + 39 - p. List the prime factors of c.
3
Let p = 8 - 6. Suppose -p*g + 18 = q + 3*q, -4*g + 2*q = -66. List the prime factors of g.
3, 5
Suppose -4*k - z = -k + 9, 5*z + 6 = -2*k. Let d = 5 + k. What are the prime factors of d/4 - (-27)/2?
2, 7
Let n(i) = 28*i + 3. Let a be n(3). What are the prime factors of 6/(a/(-48) - -2)?
2
Let z(y) = -3*y + 11. Let n be z(8). Suppose -5*h + 3*u = 8*u - 155, -5*h + 110 = -4*u. Let c = h + n. What are the prime factors of c?
13
Let l = 96 - 47. What are the prime factors of l?
7
Suppose t - 12 = -2*f + 3*f, 3*f = -t. Suppose -2*l - 5 = -3*d, 4*d = -5*l - 19 - 5. Let i = t + l. What are the prime factors of i?
5
Let v(y) = -y**3 + 7*y**2 - 5*y - 3. Let l be -5*((-42)/10 + 3). List the prime factors of v(l).
3
Let f(x) = -x**2 + 9*x - 11. Let o be f(9). Let b = o - -21. What are the prime factors of b?
2, 5
Let j = -4 + 4. Let a = j - -5. Suppose -2*w + a = m - 8, 3*w - 42 = -4*m. What are the prime factors of m?
3
Suppose 0 = 5*h + 5*i - 30, -4*i - 6 = h + 3. Let q(x) = -x**3 + 11*x**2 + 2*x + 4. List the prime factors of q(h).
2, 13
Let g be (3 - -7)*(-2)/1. Let a be g*((-4)/(-5))/2. Let k = -5 - a. What are the prime factors of k?
3
What are the prime factors of 23 - 2/(4/6)?
2, 5
Let g = 5 + -1. Suppose -6*i + g*i - 6 = 0. What are the prime factors of 3*(39/9 + i)?
2
List the prime factors of 1*2/(2/3).
3
Let l(c) = c - 3. Let r be l(3). Suppose 2*z - 4*d + 4 = -10, 0 = 2*z + d + 4. Let p = r - z. What are the prime factors of p?
3
Suppose 0 = -5*s + 10, 2*i - 2*s = i. Suppose -f - i*q + 2 = 0, 0*f = 3*f + 4*q - 38. List the prime factors of f.
2, 3
Suppose 5*o - 33 = 107. List the prime factors of o.
2, 7
Suppose 51 = -4*n + 159. What are the prime factors of n?
3
Let t(m) = m**2 + m - 1. Let j be t(-2). Let u = j + 0. What are the prime factors of ((-4)/(-10))/(u/5)?
2
Let z(n) = n**2 - n - 17. Let m be z(0). Let u be m/(-4) - 2/8. Suppose -12 = -i - 2*i, 2*k - u*i + 2 = 0. What are the prime factors of k?
7
Let d(p) = 7*p + 1. Let j be d(1). Suppose -8*v + j = -4*v. List the prime factors of v.
2
Let c = -192 + 271. What are the prime factors of c?
79
Suppose -3*i = -2*v - v + 69, v - 29 = -5*i. What are the prime factors of v?
2, 3
Suppose 15 + 6 = b. What are the prime factors of 6/b + (-89)/(-7)?
13
Let j = -1 + 8. Let t = j - 7. Suppose 10 = 2*k + 2*m - 2, 3*m + 15 = t. What are the prime factors of k?
11
Let n = -428 + 818. Let x = -622 + n. What are the prime factors of (-2)/10 + x/(-10)?
23
Suppose z + z - 4*q + 6 = 0, -3*z + 2*q = -11. Suppose 2*p - z*p = 5. Let l(t) = 3*t**2 - 2*t - 1. List the prime factors of l(p).
2
Suppose 4*r - 582 + 18 = 0. What are the prime factors of r?
3, 47
Suppose 10*y - 663 - 737 = 0. List the prime factors of y.
2, 5, 7
Let g = 18 + 9. Suppose -5*s + 4*s = -g. List the prime factors of s.
3
What are the prime factors of 132/16 + (-1)/4?
2
Let c(d) = d**2 + 13*d + 14. Let u = -5 + -7. Let y be c(u). Suppose 0 = -y*g + 5*g - 21. What are the prime factors of g?
7
Suppose 5*t = 3*t + 26. List the prime factors of t.
13
Suppose -3*n = -2*p + 21, -4*p = -3*n - 3 - 24. Suppose x - 32 = 3*m, -m - p*m - 31 = x. Let k = 18 + m. What are the prime factors of k?
3
Let a(r) = r**2 - r + 46. List the prime factors of a(0).
2, 23
Suppose -4*a + 5 = a. Let x be (1/a - 1)*-1. Suppose -3*n + 24 = i, 2 = -x*n + n. List the prime factors of i.
2, 3
Let x = 139 + -81. What are the prime factors of x?
2, 29
Let a(b) = 65*b + 2. What are the prime factors of a(1)?
67
Suppose -4*x - x + 5*f + 25 = 0, 2*x + 2 = -4*f. Let d = -78 - -99. Suppose d = -0*c + x*c. List the prime factors of c.
7
List the prime factors of (1/(-3))/(10/(-1710)).
3, 19
Suppose -323 + 1338 = 7*g. What are the prime factors of g?
5, 29
List the prime factors of -1 - 6818/(-18) - 2/(-9).
2, 3, 7
Let v = 7 + -17. Let i = v + 15. Let x = 7 + i. What are the prime factors of x?
2, 3
Suppose -5*m = -g - 0*g, 3*g + m = 16. What are the prime factors of g?
5
Suppose -6*m + 56 = -2*m. What are the prime factors of m?
2, 7
Suppose -4*z + 0*z + 5*y = -1, 0 = 2*z + y - 11. What are the prime factors of z?
2
Let h(w) = -2*w**3 + 4*w**2 - 7 - 2*w**3 + 3*w**3 - 5*w + 3*w**2. Let p be h(6). Let i(r) =